37 is divided by 5?
2
Calculate the remainder when 1064884 is divided by 177469.
70
What is the remainder when 113053 is divided by 1961?
1276
What is the remainder when 201306694 is divided by 9556?
9554
What is the remainder when 6531 is divided by 1458?
699
What is the remainder when 126990 is divided by 2394?
108
Calculate the remainder when 116886 is divided by 10687.
10016
What is the remainder when 6966346 is divided by 464423?
1
Calculate the remainder when 3354559 is divided by 7.
5
Calculate the remainder when 188819 is divided by 47131.
295
Calculate the remainder when 195162 is divided by 64431.
1869
What is the remainder when 2563828 is divided by 250?
78
What is the remainder when 210969 is divided by 52664?
313
What is the remainder when 368462 is divided by 13625?
587
Calculate the remainder when 8724494 is divided by 44.
42
Calculate the remainder when 477115 is divided by 80.
75
Calculate the remainder when 5423216 is divided by 11515.
11166
What is the remainder when 2430256 is divided by 1215127?
2
What is the remainder when 121832347 is divided by 8133?
7
Calculate the remainder when 276925 is divided by 16288.
29
What is the remainder when 12912588 is divided by 6456293?
2
What is the remainder when 9765744 is divided by 55?
54
What is the remainder when 77984 is divided by 15085?
2559
Calculate the remainder when 63184218 is divided by 1344345.
3
Calculate the remainder when 169152 is divided by 33816.
72
Calculate the remainder when 855723 is divided by 12584.
11
What is the remainder when 60701706 is divided by 33?
21
What is the remainder when 5951 is divided by 919?
437
Calculate the remainder when 221834 is divided by 8216.
2
Calculate the remainder when 19814142 is divided by 462.
348
What is the remainder when 860547 is divided by 15097?
18
What is the remainder when 55690 is divided by 928?
10
Calculate the remainder when 13084367 is divided by 66.
65
Calculate the remainder when 21950 is divided by 2050.
1450
Calculate the remainder when 305574140 is divided by 164.
156
What is the remainder when 556809 is divided by 3547?
3477
Calculate the remainder when 267021 is divided by 8014.
2559
Calculate the remainder when 672026263 is divided by 3367.
3366
What is the remainder when 74720 is divided by 74125?
595
What is the remainder when 3616406 is divided by 258314?
10
Calculate the remainder when 582443 is divided by 291210.
23
Calculate the remainder when 1575277 is divided by 4246.
11
What is the remainder when 1744971 is divided by 97?
38
Calculate the remainder when 933769 is divided by 933693.
76
Calculate the remainder when 12113345 is divided by 2422666.
15
What is the remainder when 526547 is divided by 131613?
95
What is the remainder when 96438 is divided by 10704?
102
Calculate the remainder when 27630 is divided by 432.
414
Calculate the remainder when 9561231 is divided by 120.
111
What is the remainder when 509193 is divided by 10825?
418
What is the remainder when 1107935 is divided by 81?
17
Calculate the remainder when 3814860 is divided by 8.
4
Calculate the remainder when 38089 is divided by 3288.
1921
Calculate the remainder when 39389 is divided by 12974.
467
Calculate the remainder when 2657413 is divided by 1328643.
127
What is the remainder when 1278909 is divided by 12065?
19
Calculate the remainder when 3748693 is divided by 511.
508
What is the remainder when 65594 is divided by 4694?
4572
What is the remainder when 242131 is divided by 60149?
1535
Calculate the remainder when 191168 is divided by 338.
198
What is the remainder when 217721 is divided by 12436?
6309
Calculate the remainder when 407951 is divided by 4974.
83
Calculate the remainder when 1491656 is divided by 805.
796
Calculate the remainder when 345680 is divided by 24606.
1196
Calculate the remainder when 28070345 is divided by 230.
225
What is the remainder when 46906114 is divided by 90?
4
Calculate the remainder when 183413 is divided by 45843.
41
Calculate the remainder when 7770898 is divided by 7.
2
Calculate the remainder when 4255138 is divided by 412.
2
Calculate the remainder when 66298599 is divided by 4780.
4779
Calculate the remainder when 30481 is divided by 355.
306
What is the remainder when 1014456435 is divided by 9557?
9556
What is the remainder when 369066 is divided by 442?
438
What is the remainder when 284771 is divided by 643?
565
What is the remainder when 1476070 is divided by 1134?
736
What is the remainder when 8363 is divided by 1232?
971
What is the remainder when 130791200 is divided by 254?
250
Calculate the remainder when 765857 is divided by 7296.
7073
What is the remainder when 157534 is divided by 238?
216
What is the remainder when 2029090 is divided by 47?
6
What is the remainder when 3339415 is divided by 88?
79
Calculate the remainder when 509923 is divided by 15935.
3
Calculate the remainder when 258050 is divided by 1623.
1616
What is the remainder when 5447903 is divided by 67?
66
What is the remainder when 23961865 is divided by 139?
72
Calculate the remainder when 77696 is divided by 1466.
1464
What is the remainder when 279617 is divided by 46601?
11
Calculate the remainder when 1705367 is divided by 132.
59
What is the remainder when 216347665 is divided by 63?
58
Calculate the remainder when 2226773 is divided by 276.
5
Calculate the remainder when 115612 is divided by 16442.
518
Calculate the remainder when 2182673 is divided by 3.
2
What is the remainder when 275572834 is divided by 66?
64
What is the remainder when 63222417 is divided by 37?
36
Calculate the remainder when 234269 is divided by 117011.
247
Calculate the remainder when 134716541 is divided by 87.
86
What is the remainder when 26294089 is divided by 1348?
1
Calculate the remainder when 403483 is divided by 6404.
31
Calculate the remainder when 2377923 is divided by 674.
51
Calculate the remainder when 5597035 is divided by 277.
250
Calculate the remainder when 183867159 is divided by 32.
23
Calculate the remainder when 7298283 is divided by 3492.
3
Calculate the remainder when 4969129 is divided by 1121.
857
Calculate the remainder when 5708676 is divided by 1427167.
8
Calculate the remainder when 635157 is divided by 937.
808
What is the remainder when 36810455 is divided by 81?
5
Calculate the remainder when 11482195 is divided by 72.
67
What is the remainder when 1023006 is divided by 12629?
57
Calculate the remainder when 369879 is divided by 12754.
13
Calculate the remainder when 3914 is divided by 719.
319
Calculate the remainder when 365259997 is divided by 5.
2
What is the remainder when 132686997 is divided by 1800?
1797
What is the remainder when 5021 is divided by 395?
281
Calculate the remainder when 129990 is divided by 367.
72
What is the remainder when 102053 is divided by 4587?
1139
What is the remainder when 33930236 is divided by 1029?
1019
What is the remainder when 630215 is divided by 314550?
1115
What is the remainder when 11125770 is divided by 25?
20
What is the remainder when 25688 is divided by 554?
204
Calculate the remainder when 4041916 is divided by 1347269.
109
What is the remainder when 1085954 is divided by 829?
793
What is the remainder when 453930 is divided by 616?
554
Calculate the remainder when 8592017 is divided by 22.
5
What is the remainder when 16601921 is divided by 162?
161
What is the remainder when 222690 is divided by 180?
30
Calculate the remainder when 98567 is divided by 957.
953
Calculate the remainder when 16735838 is divided by 6689.
6649
What is the remainder when 25021 is divided by 24918?
103
What is the remainder when 49187 is divided by 48638?
549
Calculate the remainder when 1626584 is divided by 46.
24
What is the remainder when 3060661 is divided by 1958?
307
What is the remainder when 476424 is divided by 420?
144
What is the remainder when 1090389 is divided by 272470?
509
Calculate the remainder when 1177280 is divided by 27.
26
Calculate the remainder when 891416 is divided by 27012.
20
What is the remainder when 236500362 is divided by 312?
306
Calculate the remainder when 6494137 is divided by 1480.
1377
What is the remainder when 3202149 is divided by 2450?
2449
What is the remainder when 64058 is divided by 126?
50
What is the remaind